{"id":969,"date":"2016-06-23T09:45:05","date_gmt":"2016-06-23T06:45:05","guid":{"rendered":"http:\/\/www.ozelnezihapart.com\/kizapart\/?page_id=969"},"modified":"2024-09-16T17:41:17","modified_gmt":"2024-09-16T14:41:17","slug":"apartbilgileri","status":"publish","type":"page","link":"https:\/\/www.ozelnezihapart.com\/kizapart\/?page_id=969","title":{"rendered":"Apart Bilgisi"},"content":{"rendered":"<div id=\"pl-969\"  class=\"panel-layout\" ><div id=\"pg-969-0\"  class=\"panel-grid panel-no-style\" ><div id=\"pgc-969-0-0\"  class=\"panel-grid-cell\" ><div id=\"panel-969-0-0-0\" class=\"so-panel widget widget_sow-editor panel-first-child panel-last-child\" data-index=\"0\" ><div\n\t\t\t\n\t\t\tclass=\"so-widget-sow-editor so-widget-sow-editor-base\"\n\t\t\t\n\t\t>\n<div class=\"siteorigin-widget-tinymce textwidget\">\n\t<p><strong>Apartlar\u0131m\u0131z;<\/strong>\u00a0g\u00fcvenlik, hijyen ve i\u015fletme durumu itibariyle A kalite bir yap\u0131dad\u0131r.\u00a0Apart\u0131m\u0131z\u0131n bulundu\u011fu semt g\u00fcvenli ve sayg\u0131n bir \u00e7evreye sahiptir.\u00a0Konum bilgisinden de g\u00f6rece\u011finiz gibi ula\u015f\u0131m imkanlar\u0131 y\u00fcksektir.Odalarda bulunan mefru\u015fat apart giri\u015fi yapan misafirimize taraf\u0131m\u0131zdan zimmetlenir. Bozulma yada ar\u0131za durumunda taraf\u0131m\u0131zdan s\u0131k\u0131nt\u0131 giderilir. Aksi durumda tamamen kullan\u0131c\u0131 sorumludur. Tek ki\u015filik yatak, \u00c7ar\u015faf (yeni), Yorgan (yeni), Yast\u0131k (yeni), Elbise dolab\u0131, Mini \u00e7al\u0131\u015fma masas\u0131, Sandalye, B\u00fcy\u00fck buzdolab\u0131, \u00c7ama\u015f\u0131r makinas\u0131, Kurutma makinas\u0131, Elektrik s\u00fcp\u00fcrgesi, \u00dct\u00fc, Tv genel mefru\u015fatlar\u0131ndand\u0131r.\u00a0Apart\u0131m\u0131z i\u00e7 mekan\u0131 maksimum kullanma alan\u0131 ve rahatl\u0131k d\u00fc\u015f\u00fcn\u00fclerek dizayn edilmi\u015ftir. Di\u011fer apartlardan farkl\u0131 olarak apart\u0131m\u0131z apart otel mant\u0131\u011f\u0131 ile ile yap\u0131lm\u0131\u015ft\u0131r bu nedenle ferah ve sakin bir ortam\u0131 sizlere sunmaktad\u0131r. Geni\u015f mekan, Laminant parke, Ayd\u0131nl\u0131k i\u00e7 mekan, Mini balkon, Do\u011fal gaz \u0131s\u0131tma mevcuttur.<\/p>\n<p>\u00dcCRETE DAH\u0130L H\u0130ZMETLER ;<\/p>\n<p>-Elektrik<\/p>\n<p>-\u0130\u00e7me Suyu (Ar\u0131tma Suyu)<\/p>\n<p>-S\u0131cak Su (24 Saat)<\/p>\n<p>-Do\u011falgaz<\/p>\n<p>-\u00c7ama\u015f\u0131r Makinesi<\/p>\n<p>-Kurutma<\/p>\n<p>-\u00dct\u00fc<\/p>\n<p>-\u0130nternet (S\u0131n\u0131rs\u0131z)<\/p>\n<p>APART GENEL \u00d6ZELL\u0130KLER\u0130<\/p>\n<p>\u2665 3 tip oda bulunmaktad\u0131r; tek ki\u015filik, \u00e7ift ki\u015filik, \u00fc\u00e7 ki\u015filik.<\/p>\n<p>\u2665 Yataklar\u0131n tamam\u0131 tek ki\u015filiktir.<\/p>\n<p>\u2665 Giri\u015f \u00e7\u0131k\u0131\u015flar sabah 06:00 dan gece 02:00 kadard\u0131r.<\/p>\n<p>\u2665 24 Saat s\u0131cak su.<\/p>\n<p>\u2665 \u00dccretsiz i\u00e7me suyu.<\/p>\n<p>\u2665 Du\u015fa kabinli banyo.<\/p>\n<p>\u2665 \u00a0S\u0131n\u0131rs\u0131z Wi-Fi.<\/p>\n<p>\u2665 Deprem Y\u00f6netmeli\u011fine uygun bina yap\u0131s\u0131.<\/p>\n<p><a class=\"btn  btn-primary\" href=\"https:\/\/www.google.com.tr\/maps\/place\/Nezih+Apart\/@39.7490233,30.4950762,17z\/data=!3m1!4b1!4m5!3m4!1s0x14cc164c474709c7:0xd25ea1e87aa7224b!8m2!3d39.7490233!4d30.4972649?hl=tr\" target=\"_blank\">  ULA\u015eIM<\/a> \u00a0<a class=\"btn  btn-primary\" href=\"http:\/\/www.nezihapart.com\/kizapart\/?page_id=269\" target=\"_self\"> GALER\u0130<\/a><\/p>\n<\/div>\n<\/div><\/div><\/div><div id=\"pgc-969-0-1\"  class=\"panel-grid-cell\" ><div id=\"panel-969-0-1-0\" class=\"so-panel widget widget_sow-image panel-first-child panel-last-child\" data-index=\"1\" ><div\n\t\t\t\n\t\t\tclass=\"so-widget-sow-image so-widget-sow-image-default-8b5b6f678277-969\"\n\t\t\t\n\t\t>\n\n<div class=\"sow-image-container\">\n\t\t<img src=\"https:\/\/www.ozelnezihapart.com\/kizapart\/wp-content\/uploads\/2017\/07\/d2.jpg\" width=\"900\" height=\"1600\" srcset=\"https:\/\/www.ozelnezihapart.com\/kizapart\/wp-content\/uploads\/2017\/07\/d2.jpg 900w, https:\/\/www.ozelnezihapart.com\/kizapart\/wp-content\/uploads\/2017\/07\/d2-169x300.jpg 169w, https:\/\/www.ozelnezihapart.com\/kizapart\/wp-content\/uploads\/2017\/07\/d2-768x1365.jpg 768w, https:\/\/www.ozelnezihapart.com\/kizapart\/wp-content\/uploads\/2017\/07\/d2-576x1024.jpg 576w, https:\/\/www.ozelnezihapart.com\/kizapart\/wp-content\/uploads\/2017\/07\/d2-304x540.jpg 304w\" sizes=\"(max-width: 900px) 100vw, 900px\" alt=\"\" loading=\"lazy\" \t\tclass=\"so-widget-image\"\/>\n\t<\/div>\n\n<\/div><\/div><\/div><\/div><\/div>","protected":false},"excerpt":{"rendered":"<p>Apartlar\u0131m\u0131z;\u00a0g\u00fcvenlik, hijyen ve i\u015fletme durumu itibariyle A kalite bir yap\u0131dad\u0131r.\u00a0Apart\u0131m\u0131z\u0131n bulundu\u011fu semt g\u00fcvenli ve sayg\u0131n bir \u00e7evreye sahiptir.\u00a0Konum bilgisinden de g\u00f6rece\u011finiz gibi ula\u015f\u0131m imkanlar\u0131 y\u00fcksektir.Odalarda bulunan mefru\u015fat apart giri\u015fi yapan misafirimize taraf\u0131m\u0131zdan zimmetlenir. Bozulma yada ar\u0131za durumunda taraf\u0131m\u0131zdan s\u0131k\u0131nt\u0131 giderilir. Aksi durumda tamamen kullan\u0131c\u0131 sorumludur. Tek ki\u015filik yatak, \u00c7ar\u015faf (yeni), Yorgan (yeni), Yast\u0131k (yeni), Elbise &hellip;<\/p>\n","protected":false},"author":1,"featured_media":1001,"parent":43,"menu_order":0,"comment_status":"closed","ping_status":"closed","template":"","meta":[],"acf":[],"_links":{"self":[{"href":"https:\/\/www.ozelnezihapart.com\/kizapart\/index.php?rest_route=\/wp\/v2\/pages\/969"}],"collection":[{"href":"https:\/\/www.ozelnezihapart.com\/kizapart\/index.php?rest_route=\/wp\/v2\/pages"}],"about":[{"href":"https:\/\/www.ozelnezihapart.com\/kizapart\/index.php?rest_route=\/wp\/v2\/types\/page"}],"author":[{"embeddable":true,"href":"https:\/\/www.ozelnezihapart.com\/kizapart\/index.php?rest_route=\/wp\/v2\/users\/1"}],"replies":[{"embeddable":true,"href":"https:\/\/www.ozelnezihapart.com\/kizapart\/index.php?rest_route=%2Fwp%2Fv2%2Fcomments&post=969"}],"version-history":[{"count":46,"href":"https:\/\/www.ozelnezihapart.com\/kizapart\/index.php?rest_route=\/wp\/v2\/pages\/969\/revisions"}],"predecessor-version":[{"id":1592,"href":"https:\/\/www.ozelnezihapart.com\/kizapart\/index.php?rest_route=\/wp\/v2\/pages\/969\/revisions\/1592"}],"up":[{"embeddable":true,"href":"https:\/\/www.ozelnezihapart.com\/kizapart\/index.php?rest_route=\/wp\/v2\/pages\/43"}],"wp:featuredmedia":[{"embeddable":true,"href":"https:\/\/www.ozelnezihapart.com\/kizapart\/index.php?rest_route=\/wp\/v2\/media\/1001"}],"wp:attachment":[{"href":"https:\/\/www.ozelnezihapart.com\/kizapart\/index.php?rest_route=%2Fwp%2Fv2%2Fmedia&parent=969"}],"curies":[{"name":"wp","href":"https:\/\/api.w.org\/{rel}","templated":true}]}}