{"id":473,"date":"2015-11-13T12:54:02","date_gmt":"2015-11-13T12:54:02","guid":{"rendered":"http:\/\/xml-io.proteusthemes.com\/structurepress\/?page_id=473"},"modified":"2025-09-02T21:48:01","modified_gmt":"2025-09-02T18:48:01","slug":"nereye","status":"publish","type":"page","link":"https:\/\/www.ozelnezihapart.com\/erkekapart\/?page_id=473","title":{"rendered":"Nereye Yak\u0131n?"},"content":{"rendered":"<div id=\"pl-473\"  class=\"panel-layout\" ><div id=\"pg-473-0\"  class=\"panel-grid panel-no-style\" ><div id=\"pgc-473-0-0\"  class=\"panel-grid-cell\" ><div id=\"panel-473-0-0-0\" class=\"so-panel widget widget_sow-editor panel-first-child panel-last-child\" data-index=\"0\" ><div\n\t\t\t\n\t\t\tclass=\"so-widget-sow-editor so-widget-sow-editor-base\"\n\t\t\t\n\t\t>\n<div class=\"siteorigin-widget-tinymce textwidget\">\n\t<h4>Nereye Ne Kadar Uzak ;<\/h4>\n<p>Otob\u00fcs duraklar\u0131na 100 m y\u00fcr\u00fcy\u00fc\u015f mesafesinde.<br \/>\nTramvay dura\u011f\u0131na 300 m y\u00fcr\u00fcy\u00fc\u015f mesafesinde.<br \/>\nMinib\u00fcs hatt\u0131 apart \u00f6n\u00fcnden ge\u00e7mektedir.<br \/>\nKafe ve Restaurant sosyal ya\u015fam alanlar\u0131na 300 m mesafede.<br \/>\nOsmangazi \u00dcniversitesine ve\u00a0 \u00dcniversite Hastahanesine 400 m y\u00fcr\u00fcy\u00fc\u015f mesafesinde.<br \/>\n\u015eehir merkezine tramvay veya otob\u00fcs ile 15 dk uzakl\u0131kta.<br \/>\nOsmangazi T\u0131p Fak\u00fcltesi KYK yurdunun kar\u015f\u0131s\u0131nda y\u00fcr\u00fcy\u00fc\u015f mesafesinde.<\/p>\n<p><a class=\"btn  btn-primary\" href=\"https:\/\/www.google.com.tr\/maps\/place\/Nezih+Apart\/@39.7490233,30.4950762,17z\/data=!3m1!4b1!4m5!3m4!1s0x14cc164c474709c7:0xd25ea1e87aa7224b!8m2!3d39.7490233!4d30.4972649?hl=tr\" target=\"_blank\">  YOL TAR\u0130F\u0130 <\/a> \u00a0<a class=\"btn  btn-primary\" href=\"http:\/\/www.ozelnezihapart.com\/kizapart\/?page_id=269\" target=\"_self\"> GALER\u0130<\/a><\/p>\n<\/div>\n<\/div><\/div><\/div><\/div><\/div>","protected":false},"excerpt":{"rendered":"<p>Nereye Ne Kadar Uzak ; Otob\u00fcs duraklar\u0131na 100 m y\u00fcr\u00fcy\u00fc\u015f mesafesinde. Tramvay dura\u011f\u0131na 300 m y\u00fcr\u00fcy\u00fc\u015f mesafesinde. Minib\u00fcs hatt\u0131 apart \u00f6n\u00fcnden ge\u00e7mektedir. Kafe ve Restaurant sosyal ya\u015fam alanlar\u0131na 300 m mesafede. Osmangazi \u00dcniversitesine ve\u00a0 \u00dcniversite Hastahanesine 400 m y\u00fcr\u00fcy\u00fc\u015f mesafesinde. \u015eehir merkezine tramvay veya otob\u00fcs ile 15 dk uzakl\u0131kta. Osmangazi T\u0131p Fak\u00fcltesi KYK yurdunun kar\u015f\u0131s\u0131nda &hellip;<\/p>\n","protected":false},"author":1,"featured_media":1054,"parent":43,"menu_order":0,"comment_status":"closed","ping_status":"closed","template":"","meta":{"_acf_changed":false,"footnotes":""},"class_list":["post-473","page","type-page","status-publish","has-post-thumbnail","hentry"],"acf":[],"_links":{"self":[{"href":"https:\/\/www.ozelnezihapart.com\/erkekapart\/index.php?rest_route=\/wp\/v2\/pages\/473","targetHints":{"allow":["GET"]}}],"collection":[{"href":"https:\/\/www.ozelnezihapart.com\/erkekapart\/index.php?rest_route=\/wp\/v2\/pages"}],"about":[{"href":"https:\/\/www.ozelnezihapart.com\/erkekapart\/index.php?rest_route=\/wp\/v2\/types\/page"}],"author":[{"embeddable":true,"href":"https:\/\/www.ozelnezihapart.com\/erkekapart\/index.php?rest_route=\/wp\/v2\/users\/1"}],"replies":[{"embeddable":true,"href":"https:\/\/www.ozelnezihapart.com\/erkekapart\/index.php?rest_route=%2Fwp%2Fv2%2Fcomments&post=473"}],"version-history":[{"count":16,"href":"https:\/\/www.ozelnezihapart.com\/erkekapart\/index.php?rest_route=\/wp\/v2\/pages\/473\/revisions"}],"predecessor-version":[{"id":1628,"href":"https:\/\/www.ozelnezihapart.com\/erkekapart\/index.php?rest_route=\/wp\/v2\/pages\/473\/revisions\/1628"}],"up":[{"embeddable":true,"href":"https:\/\/www.ozelnezihapart.com\/erkekapart\/index.php?rest_route=\/wp\/v2\/pages\/43"}],"wp:featuredmedia":[{"embeddable":true,"href":"https:\/\/www.ozelnezihapart.com\/erkekapart\/index.php?rest_route=\/wp\/v2\/media\/1054"}],"wp:attachment":[{"href":"https:\/\/www.ozelnezihapart.com\/erkekapart\/index.php?rest_route=%2Fwp%2Fv2%2Fmedia&parent=473"}],"curies":[{"name":"wp","href":"https:\/\/api.w.org\/{rel}","templated":true}]}}